CRAN Package Check Results for Package SMUT

Last updated on 2021-09-22 01:49:11 CEST.

Flavor Version Tinstall Tcheck Ttotal Status Flags
r-devel-linux-x86_64-debian-clang 1.1 31.62 79.04 110.66 OK
r-devel-linux-x86_64-debian-gcc 1.1 20.96 61.07 82.03 OK
r-devel-linux-x86_64-fedora-clang 1.1 152.84 OK
r-devel-linux-x86_64-fedora-gcc 1.1 133.15 OK
r-devel-windows-x86_64 1.1 31.00 86.00 117.00 OK
r-devel-windows-x86_64-gcc10-UCRT 1.1 ERROR
r-patched-linux-x86_64 1.1 28.44 76.81 105.25 OK
r-patched-solaris-x86 1.1 180.30 OK
r-release-linux-x86_64 1.1 24.25 77.47 101.72 OK
r-release-macos-arm64 1.1 OK
r-release-macos-x86_64 1.1 OK
r-release-windows-ix86+x86_64 1.1 75.00 153.00 228.00 OK
r-oldrel-macos-x86_64 1.1 OK
r-oldrel-windows-ix86+x86_64 1.1 74.00 107.00 181.00 OK

Check Details

Version: 1.1
Check: whether package can be installed
Result: ERROR
    Installation failed.
Flavor: r-devel-windows-x86_64-gcc10-UCRT