CRAN Package Check Results for Package SOMEnv

Last updated on 2021-10-16 22:53:07 CEST.

Flavor Version Tinstall Tcheck Ttotal Status Flags
r-devel-linux-x86_64-debian-clang 1.1.2 13.55 104.50 118.05 OK
r-devel-linux-x86_64-debian-gcc 1.1.2 10.80 80.11 90.91 OK
r-devel-linux-x86_64-fedora-clang 1.1.2 152.97 NOTE
r-devel-linux-x86_64-fedora-gcc 1.1.2 138.12 NOTE
r-devel-windows-x86_64 1.1.2 24.00 93.00 117.00 OK
r-devel-windows-x86_64-gcc10-UCRT 1.1.2 NOTE
r-patched-linux-x86_64 1.1.2 14.11 99.41 113.52 OK
r-patched-solaris-x86 1.1.2 201.50 NOTE
r-release-linux-x86_64 1.1.2 13.31 99.10 112.41 OK
r-release-macos-arm64 1.1.2 NOTE
r-release-macos-x86_64 1.1.2 NOTE
r-release-windows-ix86+x86_64 1.1.2 31.00 122.00 153.00 OK
r-oldrel-macos-x86_64 1.1.2 NOTE
r-oldrel-windows-ix86+x86_64 1.1.2 34.00 132.00 166.00 OK

Check Details

Version: 1.1.2
Check: dependencies in R code
Result: NOTE
    Namespace in Imports field not imported from: ‘rlist’
     All declared Imports should be used.
Flavors: r-devel-linux-x86_64-fedora-clang, r-devel-linux-x86_64-fedora-gcc, r-devel-windows-x86_64-gcc10-UCRT, r-patched-solaris-x86, r-release-macos-arm64, r-release-macos-x86_64, r-oldrel-macos-x86_64