CRAN Package Check Results for Package SP2000

Last updated on 2021-10-19 07:49:52 CEST.

Flavor Version Tinstall Tcheck Ttotal Status Flags
r-devel-linux-x86_64-debian-clang 0.2.0 6.52 54.84 61.36 NOTE
r-devel-linux-x86_64-debian-gcc 0.2.0 4.87 40.28 45.15 NOTE
r-devel-linux-x86_64-fedora-clang 0.2.0 84.99 NOTE
r-devel-linux-x86_64-fedora-gcc 0.2.0 69.23 NOTE
r-devel-windows-x86_64 0.2.0 28.00 74.00 102.00 NOTE
r-devel-windows-x86_64-gcc10-UCRT 0.2.0 NOTE
r-patched-linux-x86_64 0.2.0 5.61 49.91 55.52 NOTE
r-patched-solaris-x86 0.2.0 105.00 NOTE
r-release-linux-x86_64 0.2.0 6.48 49.96 56.44 NOTE
r-release-macos-arm64 0.2.0 NOTE
r-release-macos-x86_64 0.2.0 NOTE
r-release-windows-ix86+x86_64 0.2.0 12.00 79.00 91.00 NOTE
r-oldrel-macos-x86_64 0.2.0 OK
r-oldrel-windows-ix86+x86_64 0.2.0 16.00 77.00 93.00 OK

Check Details

Version: 0.2.0
Check: LazyData
Result: NOTE
     'LazyData' is specified without a 'data' directory
Flavors: r-devel-linux-x86_64-debian-clang, r-devel-linux-x86_64-debian-gcc, r-devel-linux-x86_64-fedora-clang, r-devel-linux-x86_64-fedora-gcc, r-devel-windows-x86_64, r-devel-windows-x86_64-gcc10-UCRT, r-patched-linux-x86_64, r-patched-solaris-x86, r-release-linux-x86_64, r-release-macos-arm64, r-release-macos-x86_64, r-release-windows-ix86+x86_64