CRAN Package Check Results for Package SPARSEMODr

Last updated on 2021-09-23 01:50:00 CEST.

Flavor Version Tinstall Tcheck Ttotal Status Flags
r-devel-linux-x86_64-debian-clang 1.1.0 30.19 134.84 165.03 OK
r-devel-linux-x86_64-debian-gcc 1.1.0 19.93 102.27 122.20 OK
r-devel-linux-x86_64-fedora-clang 1.1.0 214.98 NOTE
r-devel-linux-x86_64-fedora-gcc 1.1.0 202.91 NOTE
r-devel-windows-x86_64 1.1.0 28.00 193.00 221.00 OK
r-devel-windows-x86_64-gcc10-UCRT 1.1.0 ERROR
r-patched-linux-x86_64 1.1.0 28.90 148.15 177.05 OK
r-patched-solaris-x86 1.1.0 593.60 NOTE
r-release-linux-x86_64 1.1.0 24.68 147.53 172.21 OK
r-release-macos-arm64 1.1.0 NOTE
r-release-macos-x86_64 1.1.0 NOTE
r-release-windows-ix86+x86_64 1.1.0 69.00 291.00 360.00 OK
r-oldrel-macos-x86_64 1.1.0 NOTE
r-oldrel-windows-ix86+x86_64 1.1.0 48.00 223.00 271.00 OK

Check Details

Version: 1.1.0
Check: dependencies in R code
Result: NOTE
    Namespaces in Imports field not imported from:
     ‘future’ ‘geosphere’ ‘lubridate’ ‘tidyverse’ ‘viridis’
     All declared Imports should be used.
Flavors: r-devel-linux-x86_64-fedora-clang, r-devel-linux-x86_64-fedora-gcc, r-patched-solaris-x86, r-release-macos-arm64, r-release-macos-x86_64, r-oldrel-macos-x86_64

Version: 1.1.0
Check: package dependencies
Result: ERROR
    Package required but not available: 'tidyverse'
    
    See section 'The DESCRIPTION file' in the 'Writing R Extensions'
    manual.
Flavor: r-devel-windows-x86_64-gcc10-UCRT