CRAN Package Check Results for Package SPOT

Last updated on 2021-10-22 16:50:52 CEST.

Flavor Version Tinstall Tcheck Ttotal Status Flags
r-devel-linux-x86_64-debian-clang 2.5.8 19.45 378.58 398.03 OK
r-devel-linux-x86_64-debian-gcc 2.5.8 16.89 279.06 295.95 OK
r-devel-linux-x86_64-fedora-clang 2.5.8 463.54 OK
r-devel-linux-x86_64-fedora-gcc 2.5.8 478.20 OK
r-devel-windows-x86_64 2.5.8 33.00 452.00 485.00 OK
r-devel-windows-x86_64-gcc10-UCRT 2.5.8 ERROR
r-patched-linux-x86_64 2.5.8 23.02 353.30 376.32 OK
r-patched-solaris-x86 2.5.8 422.70 OK
r-release-linux-x86_64 2.5.8 16.04 351.09 367.13 OK
r-release-macos-arm64 2.5.8 OK
r-release-macos-x86_64 2.5.8 OK
r-release-windows-ix86+x86_64 2.5.8 31.00 447.00 478.00 OK
r-oldrel-macos-x86_64 2.5.8 OK
r-oldrel-windows-ix86+x86_64 2.5.8 44.00 457.00 501.00 OK

Check Details

Version: 2.5.8
Check: package dependencies
Result: NOTE
    Package suggested but not available for checking: 'babsim.hospital'
Flavor: r-devel-windows-x86_64-gcc10-UCRT

Version: 2.5.8
Check: Rd cross-references
Result: NOTE
    Package unavailable to check Rd xrefs: 'babsim.hospital'
Flavor: r-devel-windows-x86_64-gcc10-UCRT

Version: 2.5.8
Check: examples
Result: ERROR
    Running examples in 'SPOT-Ex.R' failed
    The error most likely occurred in:
    
    > ### Name: getNatDesignFromCoded
    > ### Title: Get natural parameter values from coded +-1 representation
    > ### Aliases: getNatDesignFromCoded
    >
    > ### ** Examples
    >
    > require(babsim.hospital)
    Loading required package: babsim.hospital
    Warning in library(package, lib.loc = lib.loc, character.only = TRUE, logical.return = TRUE, :
     there is no package called 'babsim.hospital'
    > x <- matrix(rep(-1,29),1,)
    > bounds <- getBounds()
    Error in getBounds() : could not find function "getBounds"
    Execution halted
Flavor: r-devel-windows-x86_64-gcc10-UCRT