CRAN Package Check Results for Package SPUTNIK

Last updated on 2021-12-09 00:51:54 CET.

Flavor Version Tinstall Tcheck Ttotal Status Flags
r-devel-linux-x86_64-debian-clang 1.4 14.86 133.56 148.42 OK
r-devel-linux-x86_64-debian-gcc 1.4 11.33 99.85 111.18 OK
r-devel-linux-x86_64-fedora-clang 1.4 177.88 NOTE
r-devel-linux-x86_64-fedora-gcc 1.4 173.82 NOTE
r-devel-windows-x86_64-new-UL 1.4 33.00 166.00 199.00 OK
r-devel-windows-x86_64-new-TK 1.4 NOTE
r-devel-windows-x86_64-old 1.4 23.00 151.00 174.00 OK
r-patched-linux-x86_64 1.4 18.46 124.46 142.92 OK
r-release-linux-x86_64 1.4 11.29 124.24 135.53 OK
r-release-macos-arm64 1.4 NOTE
r-release-macos-x86_64 1.4 NOTE
r-release-windows-ix86+x86_64 1.4 20.00 154.00 174.00 OK
r-oldrel-macos-x86_64 1.4 NOTE
r-oldrel-windows-ix86+x86_64 1.4 33.00 136.00 169.00 OK

Check Details

Version: 1.4
Check: dependencies in R code
Result: NOTE
    Namespaces in Imports field not imported from:
     ‘spatstat’ ‘spatstat.data’ ‘spatstat.linnet’ ‘spatstat.sparse’
     ‘spatstat.utils’ ‘testthat’
     All declared Imports should be used.
Flavors: r-devel-linux-x86_64-fedora-clang, r-devel-linux-x86_64-fedora-gcc, r-devel-windows-x86_64-new-TK, r-release-macos-arm64, r-release-macos-x86_64, r-oldrel-macos-x86_64