CRAN Package Check Results for Package SQN

Last updated on 2021-12-02 15:52:54 CET.

Flavor Version Tinstall Tcheck Ttotal Status Flags
r-devel-linux-x86_64-debian-clang 1.0.5 1.74 21.87 23.61 NOTE
r-devel-linux-x86_64-debian-gcc 1.0.5 1.58 17.47 19.05 NOTE
r-devel-linux-x86_64-fedora-clang 1.0.5 42.14 NOTE
r-devel-linux-x86_64-fedora-gcc 1.0.5 29.55 NOTE
r-devel-windows-x86_64-new-UL 1.0.5 6.00 60.00 66.00 NOTE
r-devel-windows-x86_64-new-TK 1.0.5 NOTE
r-devel-windows-x86_64-old 1.0.5 4.00 32.00 36.00 NOTE
r-patched-linux-x86_64 1.0.5 1.89 21.15 23.04 NOTE
r-patched-solaris-x86 1.0.5 47.90 NOTE
r-release-linux-x86_64 1.0.5 1.79 21.23 23.02 NOTE
r-release-macos-arm64 1.0.5 NOTE
r-release-macos-x86_64 1.0.5 NOTE
r-release-windows-ix86+x86_64 1.0.5 5.00 40.00 45.00 NOTE
r-oldrel-macos-x86_64 1.0.5 NOTE
r-oldrel-windows-ix86+x86_64 1.0.5 5.00 38.00 43.00 NOTE

Check Details

Version: 1.0.5
Check: R code for possible problems
Result: NOTE
    SQN: no visible binding for global variable 'median'
    SQN: no visible global function definition for 'quantile'
    SQN.demo.data: no visible global function definition for 'rnorm'
    mix.qn: no visible global function definition for 'ecdf'
    mix.qn: no visible global function definition for 'quantile'
    Undefined global functions or variables:
     ecdf median quantile rnorm
    Consider adding
     importFrom("stats", "ecdf", "median", "quantile", "rnorm")
    to your NAMESPACE file.
Flavors: r-devel-linux-x86_64-debian-clang, r-devel-linux-x86_64-debian-gcc, r-devel-linux-x86_64-fedora-clang, r-devel-linux-x86_64-fedora-gcc, r-devel-windows-x86_64-new-UL, r-devel-windows-x86_64-new-TK, r-devel-windows-x86_64-old, r-patched-linux-x86_64, r-patched-solaris-x86, r-release-linux-x86_64, r-release-macos-arm64, r-release-macos-x86_64, r-release-windows-ix86+x86_64, r-oldrel-macos-x86_64, r-oldrel-windows-ix86+x86_64