CRAN Package Check Results for Package SSDL

Last updated on 2021-09-22 13:53:06 CEST.

Flavor Version Tinstall Tcheck Ttotal Status Flags
r-devel-linux-x86_64-debian-clang 1.1 41.71 67.34 109.05 OK
r-devel-linux-x86_64-debian-gcc 1.1 27.01 50.66 77.67 OK
r-devel-linux-x86_64-fedora-clang 1.1 148.93 OK
r-devel-linux-x86_64-fedora-gcc 1.1 131.04 OK
r-devel-windows-x86_64 1.1 43.00 73.00 116.00 OK
r-devel-windows-x86_64-gcc10-UCRT 1.1 ERROR
r-patched-linux-x86_64 1.1 31.61 62.75 94.36 OK
r-patched-solaris-x86 1.1 155.10 OK
r-release-linux-x86_64 1.1 33.26 62.06 95.32 OK
r-release-macos-arm64 1.1 OK
r-release-macos-x86_64 1.1 OK
r-release-windows-ix86+x86_64 1.1 99.00 135.00 234.00 OK
r-oldrel-macos-x86_64 1.1 OK
r-oldrel-windows-ix86+x86_64 1.1 69.00 95.00 164.00 OK

Check Details

Version: 1.1
Check: package dependencies
Result: ERROR
    Packages required but not available: 'chickn', 'RcppParallel'
    
    See section 'The DESCRIPTION file' in the 'Writing R Extensions'
    manual.
Flavor: r-devel-windows-x86_64-gcc10-UCRT