CRAN Package Check Results for Package SSRTcalc

Last updated on 2021-09-17 04:49:34 CEST.

Flavor Version Tinstall Tcheck Ttotal Status Flags
r-devel-linux-x86_64-debian-clang 0.3.3 2.05 23.80 25.85 OK
r-devel-linux-x86_64-debian-gcc 0.3.3 1.72 18.53 20.25 OK
r-devel-linux-x86_64-fedora-clang 0.3.3 43.28 OK
r-devel-linux-x86_64-fedora-gcc 0.3.3 29.55 OK
r-devel-windows-x86_64 0.3.3 4.00 35.00 39.00 OK
r-devel-windows-x86_64-gcc10-UCRT 0.3.3 OK
r-patched-linux-x86_64 0.3.3 2.26 22.88 25.14 OK
r-patched-solaris-x86 0.3.3 46.60 OK
r-release-linux-x86_64 0.3.3 2.02 23.07 25.09 OK
r-release-macos-arm64 0.3.3 OK
r-release-macos-x86_64 0.3.3 OK
r-release-windows-ix86+x86_64 0.3.3 5.00 44.00 49.00 OK
r-oldrel-macos-x86_64 0.3.3 ERROR
r-oldrel-windows-ix86+x86_64 0.3.3 6.00 42.00 48.00 OK

Check Details

Version: 0.3.3
Check: package dependencies
Result: ERROR
    Package required and available but unsuitable version: ‘stats’
    
    See section ‘The DESCRIPTION file’ in the ‘Writing R Extensions’
    manual.
Flavor: r-oldrel-macos-x86_64