CRAN Package Check Results for Package STAT

Last updated on 2021-10-28 10:51:52 CEST.

Flavor Version Tinstall Tcheck Ttotal Status Flags
r-devel-linux-x86_64-debian-clang 0.1.0 2.07 18.72 20.79 NOTE
r-devel-linux-x86_64-debian-gcc 0.1.0 1.57 15.13 16.70 NOTE
r-devel-linux-x86_64-fedora-clang 0.1.0 36.71 NOTE
r-devel-linux-x86_64-fedora-gcc 0.1.0 25.56 NOTE
r-devel-windows-x86_64 0.1.0 5.00 43.00 48.00 NOTE
r-devel-windows-x86_64-gcc10-UCRT 0.1.0 NOTE
r-patched-linux-x86_64 0.1.0 2.05 18.40 20.45 NOTE
r-patched-solaris-x86 0.1.0 41.90 NOTE
r-release-linux-x86_64 0.1.0 2.02 18.35 20.37 NOTE
r-release-macos-arm64 0.1.0 NOTE
r-release-macos-x86_64 0.1.0 NOTE
r-release-windows-ix86+x86_64 0.1.0 5.00 38.00 43.00 NOTE
r-oldrel-macos-x86_64 0.1.0 NOTE
r-oldrel-windows-ix86+x86_64 0.1.0 5.00 36.00 41.00 OK

Check Details

Version: 0.1.0
Check: LazyData
Result: NOTE
     'LazyData' is specified without a 'data' directory
Flavors: r-devel-linux-x86_64-debian-clang, r-devel-linux-x86_64-debian-gcc, r-devel-linux-x86_64-fedora-clang, r-devel-linux-x86_64-fedora-gcc, r-devel-windows-x86_64, r-devel-windows-x86_64-gcc10-UCRT, r-patched-linux-x86_64, r-patched-solaris-x86, r-release-linux-x86_64, r-release-macos-arm64, r-release-macos-x86_64, r-release-windows-ix86+x86_64

Version: 0.1.0
Check: dependencies in R code
Result: NOTE
    Namespaces in Imports field not imported from:
     ‘Hmisc’ ‘corrgram’ ‘datasets’ ‘dplyr’ ‘psych’ ‘psycho’ ‘rpivotTable’
     ‘shiny’
     All declared Imports should be used.
Flavors: r-devel-linux-x86_64-fedora-clang, r-devel-linux-x86_64-fedora-gcc, r-devel-windows-x86_64-gcc10-UCRT, r-patched-solaris-x86, r-release-macos-arm64, r-release-macos-x86_64, r-oldrel-macos-x86_64