Last updated on 2023-12-01 21:54:19 CET.
Flavor | Version | Tinstall | Tcheck | Ttotal | Status | Flags |
---|---|---|---|---|---|---|
r-devel-linux-x86_64-debian-clang | 0.1 | 8.30 | 66.94 | 75.24 | NOTE | |
r-devel-linux-x86_64-debian-gcc | 0.1 | 7.08 | 52.51 | 59.59 | NOTE | |
r-devel-linux-x86_64-fedora-clang | 0.1 | 93.06 | NOTE | |||
r-devel-linux-x86_64-fedora-gcc | 0.1 | 90.97 | NOTE | |||
r-devel-windows-x86_64 | 0.1 | 7.00 | 69.00 | 76.00 | NOTE | |
r-patched-linux-x86_64 | 0.1 | 9.01 | 66.65 | 75.66 | NOTE | |
r-release-linux-x86_64 | 0.1 | 6.18 | 67.04 | 73.22 | NOTE | |
r-release-macos-arm64 | 0.1 | 33.00 | NOTE | |||
r-release-macos-x86_64 | 0.1 | 51.00 | NOTE | |||
r-release-windows-x86_64 | 0.1 | 9.00 | 77.00 | 86.00 | NOTE | |
r-oldrel-macos-arm64 | 0.1 | 29.00 | NOTE | |||
r-oldrel-macos-x86_64 | 0.1 | 41.00 | NOTE | |||
r-oldrel-windows-x86_64 | 0.1 | 9.00 | 80.00 | 89.00 | NOTE |
Version: 0.1
Check: LazyData
Result: NOTE
'LazyData' is specified without a 'data' directory
Flavors: r-devel-linux-x86_64-debian-clang, r-devel-linux-x86_64-debian-gcc, r-devel-linux-x86_64-fedora-clang, r-devel-linux-x86_64-fedora-gcc, r-devel-windows-x86_64, r-patched-linux-x86_64, r-release-linux-x86_64, r-release-macos-arm64, r-release-macos-x86_64, r-release-windows-x86_64, r-oldrel-macos-arm64, r-oldrel-macos-x86_64, r-oldrel-windows-x86_64