CRAN Package Check Results for Package ScottKnott

Last updated on 2021-12-02 21:52:11 CET.

Flavor Version Tinstall Tcheck Ttotal Status Flags
r-devel-linux-x86_64-debian-clang 1.3-0 10.19 95.44 105.63 OK
r-devel-linux-x86_64-debian-gcc 1.3-0 8.88 69.97 78.85 ERROR
r-devel-linux-x86_64-fedora-clang 1.3-0 145.97 OK
r-devel-linux-x86_64-fedora-gcc 1.3-0 124.12 OK
r-devel-windows-x86_64-new-UL 1.3-0 22.00 135.00 157.00 OK
r-devel-windows-x86_64-new-TK 1.3-0 OK
r-devel-windows-x86_64-old 1.3-0 19.00 91.00 110.00 OK
r-patched-linux-x86_64 1.3-0 15.63 89.56 105.19 OK
r-patched-solaris-x86 1.3-0 174.90 OK
r-release-linux-x86_64 1.3-0 11.39 88.05 99.44 OK
r-release-macos-arm64 1.3-0 OK
r-release-macos-x86_64 1.3-0 OK
r-release-windows-ix86+x86_64 1.3-0 28.00 116.00 144.00 OK
r-oldrel-macos-x86_64 1.3-0 OK
r-oldrel-windows-ix86+x86_64 1.3-0 26.00 112.00 138.00 OK

Check Details

Version: 1.3-0
Check: examples
Result: ERROR
    Running examples in ‘ScottKnott-Ex.R’ failed
    The error most likely occurred in:
    
    > base::assign(".ptime", proc.time(), pos = "CheckExEnv")
    > ### Name: SK
    > ### Title: The SK Test for Single Experiments
    > ### Aliases: SK SK.default SK.aov SK.lm SK.formula SK.aovlist SK.lmerMod
    > ### Keywords: package
    >
    > ### ** Examples
    >
    > ##
    > ## Examples:Randomized Complete Block Design (RCBD)
    > ## More details: demo(package='SK')
    > ##
    >
    > ## The parameters can be: formula, aov, lm, aovlist and lmerMod
    >
    > data(RCBD)
    >
    > ## From: formula
    > sk1 <- with(RCBD,
    + SK(y ~ blk + tra,
    + data=dfm,
    + which='tra'))
    Error in is.finite(x) : default method not implemented for type 'list'
    Calls: with ... with.default -> eval -> eval -> SK -> SK.formula -> SK -> SK.lm
    Execution halted
Flavor: r-devel-linux-x86_64-debian-gcc