CRAN Package Check Results for Package SeedMatchR

Last updated on 2024-04-21 22:51:42 CEST.

Flavor Version Tinstall Tcheck Ttotal Status Flags
r-devel-linux-x86_64-debian-clang 1.1.1 0.39 2.38 2.77 ERROR
r-devel-linux-x86_64-debian-gcc 1.1.1 1.72 1.72 ERROR
r-devel-linux-x86_64-fedora-clang 1.1.1 112.18 NOTE
r-devel-linux-x86_64-fedora-gcc 1.1.1 119.35 NOTE
r-prerel-macos-arm64 1.1.1 5.00 ERROR
r-prerel-macos-x86_64 1.1.1 72.00 OK
r-prerel-windows-x86_64 1.1.1 8.00 81.00 89.00 OK
r-patched-linux-x86_64 1.1.1 3.92 72.80 76.72 OK
r-release-linux-x86_64 1.1.1 6.04 74.46 80.50 OK
r-release-macos-arm64 1.1.1 9.00 ERROR
r-release-macos-x86_64 1.1.1 6.00 ERROR
r-release-windows-x86_64 1.1.1 9.00 94.00 103.00 OK
r-oldrel-macos-arm64 1.1.1 10.00 ERROR
r-oldrel-windows-x86_64 1.1.1 10.00 94.00 104.00 OK

Additional issues

noSuggests

Check Details

Version: 1.1.1
Check: package dependencies
Result: ERROR Packages required but not available: 'Biostrings', 'ggmsa', 'msa', 'AnnotationHub', 'GenomeInfoDb', 'GenomicFeatures' Package suggested but not available for checking: ‘org.Rn.eg.db’ See section ‘The DESCRIPTION file’ in the ‘Writing R Extensions’ manual. Flavor: r-devel-linux-x86_64-debian-clang

Version: 1.1.1
Check: package dependencies
Result: ERROR Package required but not available: ‘GenomicFeatures’ See section ‘The DESCRIPTION file’ in the ‘Writing R Extensions’ manual. Flavor: r-devel-linux-x86_64-debian-gcc

Version: 1.1.1
Check: dependencies in R code
Result: NOTE Namespaces in Imports field not imported from: ‘cowplot’ ‘testit’ All declared Imports should be used. Flavors: r-devel-linux-x86_64-fedora-clang, r-devel-linux-x86_64-fedora-gcc

Version: 1.1.1
Check: package dependencies
Result: ERROR Package required but not available: ‘ggmsa’ Package suggested but not available for checking: ‘org.Rn.eg.db’ See section ‘The DESCRIPTION file’ in the ‘Writing R Extensions’ manual. Flavor: r-prerel-macos-arm64

Version: 1.1.1
Check: package dependencies
Result: ERROR Packages required but not available: 'ggmsa', 'msa' Package suggested but not available for checking: ‘org.Rn.eg.db’ See section ‘The DESCRIPTION file’ in the ‘Writing R Extensions’ manual. Flavors: r-release-macos-arm64, r-release-macos-x86_64, r-oldrel-macos-arm64