CRAN Package Check Results for Package SemNeT

Last updated on 2021-10-19 13:53:37 CEST.

Flavor Version Tinstall Tcheck Ttotal Status Flags
r-devel-linux-x86_64-debian-clang 1.4.3 13.56 95.73 109.29 OK
r-devel-linux-x86_64-debian-gcc 1.4.3 9.17 69.51 78.68 OK
r-devel-linux-x86_64-fedora-clang 1.4.3 138.41 NOTE
r-devel-linux-x86_64-fedora-gcc 1.4.3 124.22 NOTE
r-devel-windows-x86_64 1.4.3 21.00 128.00 149.00 OK
r-devel-windows-x86_64-gcc10-UCRT 1.4.3 NOTE
r-patched-linux-x86_64 1.4.3 19.70 88.94 108.64 OK
r-patched-solaris-x86 1.4.3 176.60 NOTE
r-release-linux-x86_64 1.4.3 12.95 89.32 102.27 OK
r-release-macos-arm64 1.4.3 NOTE
r-release-macos-x86_64 1.4.3 NOTE
r-release-windows-ix86+x86_64 1.4.3 26.00 125.00 151.00 OK
r-oldrel-macos-x86_64 1.4.3 NOTE
r-oldrel-windows-ix86+x86_64 1.4.3 27.00 136.00 163.00 OK

Check Details

Version: 1.4.3
Check: dependencies in R code
Result: NOTE
    Namespaces in Imports field not imported from:
     ‘RColorBrewer’ ‘grid’ ‘purrr’
     All declared Imports should be used.
Flavors: r-devel-linux-x86_64-fedora-clang, r-devel-linux-x86_64-fedora-gcc, r-devel-windows-x86_64-gcc10-UCRT, r-patched-solaris-x86, r-release-macos-arm64, r-release-macos-x86_64, r-oldrel-macos-x86_64

Version: 1.4.3
Check: Rd cross-references
Result: NOTE
    Undeclared packages ‘NetworkToolbox’, ‘SemNetCleaner’ in Rd xrefs
Flavor: r-devel-linux-x86_64-fedora-clang