CRAN Package Check Results for Package SemiCompRisks

Last updated on 2021-10-17 07:50:58 CEST.

Flavor Version Tinstall Tcheck Ttotal Status Flags
r-devel-linux-x86_64-debian-clang 3.4 57.70 134.98 192.68 OK
r-devel-linux-x86_64-debian-gcc 3.4 58.44 100.45 158.89 OK
r-devel-linux-x86_64-fedora-clang 3.4 256.02 OK
r-devel-linux-x86_64-fedora-gcc 3.4 265.53 OK
r-devel-windows-x86_64 3.4 102.00 166.00 268.00 OK
r-devel-windows-x86_64-gcc10-UCRT 3.4 OK
r-patched-linux-x86_64 3.4 69.24 132.33 201.57 OK
r-patched-solaris-x86 3.4 336.50 OK
r-release-linux-x86_64 3.4 68.61 130.82 199.43 OK
r-release-macos-arm64 3.4 NOTE
r-release-macos-x86_64 3.4 NOTE
r-release-windows-ix86+x86_64 3.4 129.00 199.00 328.00 OK
r-oldrel-macos-x86_64 3.4 NOTE
r-oldrel-windows-ix86+x86_64 3.4 179.00 229.00 408.00 OK

Check Details

Version: 3.4
Check: installed package size
Result: NOTE
     installed size is 6.9Mb
     sub-directories of 1Mb or more:
     libs 5.9Mb
Flavors: r-release-macos-arm64, r-release-macos-x86_64, r-oldrel-macos-x86_64