CRAN Package Check Results for Package SeqFeatR

Last updated on 2024-02-24 09:50:41 CET.

Flavor Version Tinstall Tcheck Ttotal Status Flags
r-devel-linux-x86_64-debian-clang 0.3.1 54.11 371.41 425.52 NOTE
r-devel-linux-x86_64-debian-gcc 0.3.1 40.65 267.27 307.92 NOTE
r-devel-linux-x86_64-fedora-clang 0.3.1 436.16 NOTE
r-devel-linux-x86_64-fedora-gcc 0.3.1 439.47 NOTE
r-devel-windows-x86_64 0.3.1 31.00 213.00 244.00 OK
r-patched-linux-x86_64 0.3.1 33.78 303.20 336.98 NOTE
r-release-linux-x86_64 0.3.1 28.83 302.49 331.32 NOTE
r-release-macos-arm64 0.3.1 126.00 OK
r-release-macos-x86_64 0.3.1 338.00 OK
r-release-windows-x86_64 0.3.1 41.00 258.00 299.00 OK
r-oldrel-macos-arm64 0.3.1 10.00 ERROR
r-oldrel-windows-x86_64 0.3.1 43.00 256.00 299.00 OK

Check Details

Version: 0.3.1
Check: for non-standard things in the check directory
Result: NOTE Found the following files/directories: ‘assocpointpair_result.csv’ ‘foundereffectfinder_result.csv’ ‘getfreqs_result.csv’ ‘getfreqs_result.png’ ‘orPlot.pdf1_1.pdf’ ‘orPlot.pdf2_1.pdf’ ‘orPlot.pdf3_1.pdf’ ‘orPlot.pdf4_1.pdf’ ‘orPlot.pdf5_1.pdf’ ‘orPlot.pdf6_1.pdf’ ‘orPlot.pdf7_1.pdf’ ‘orPlot.pdf8_1.pdf’ ‘q-values_result.csv’ ‘rewritetuple_result.csv’ ‘tartan_plot.pdf’ ‘vispair_plot.pdf’ ‘vispairfeat_plot.pdf’ ‘volcano_plot.pdf’ Flavors: r-devel-linux-x86_64-debian-clang, r-devel-linux-x86_64-debian-gcc, r-devel-linux-x86_64-fedora-clang, r-devel-linux-x86_64-fedora-gcc, r-patched-linux-x86_64, r-release-linux-x86_64

Version: 0.3.1
Check: package dependencies
Result: ERROR Package required but not available: ‘widgetTools’ See section ‘The DESCRIPTION file’ in the ‘Writing R Extensions’ manual. Flavor: r-oldrel-macos-arm64