CRAN Package Check Results for Package SequenceSpikeSlab

Last updated on 2021-09-26 22:48:46 CEST.

Flavor Version Tinstall Tcheck Ttotal Status Flags
r-devel-linux-x86_64-debian-clang 0.1.1 26.11 81.87 107.98 OK
r-devel-linux-x86_64-debian-gcc 0.1.1 17.64 62.27 79.91 OK
r-devel-linux-x86_64-fedora-clang 0.1.1 144.15 NOTE
r-devel-linux-x86_64-fedora-gcc 0.1.1 127.88 NOTE
r-devel-windows-x86_64 0.1.1 26.00 80.00 106.00 OK
r-devel-windows-x86_64-gcc10-UCRT 0.1.1 NOTE
r-patched-linux-x86_64 0.1.1 23.82 78.31 102.13 OK
r-patched-solaris-x86 0.1.1 167.00 NOTE
r-release-linux-x86_64 0.1.1 20.33 78.63 98.96 OK
r-release-macos-arm64 0.1.1 NOTE
r-release-macos-x86_64 0.1.1 NOTE
r-release-windows-ix86+x86_64 0.1.1 57.00 144.00 201.00 OK
r-oldrel-macos-x86_64 0.1.1 NOTE
r-oldrel-windows-ix86+x86_64 0.1.1 44.00 108.00 152.00 OK

Check Details

Version: 0.1.1
Check: dependencies in R code
Result: NOTE
    Namespace in Imports field not imported from: ‘RcppProgress’
     All declared Imports should be used.
Flavors: r-devel-linux-x86_64-fedora-clang, r-devel-linux-x86_64-fedora-gcc, r-devel-windows-x86_64-gcc10-UCRT, r-patched-solaris-x86, r-release-macos-arm64, r-release-macos-x86_64, r-oldrel-macos-x86_64