CRAN Package Check Results for Package ShapleyValue

Last updated on 2022-01-24 15:54:26 CET.

Flavor Version Tinstall Tcheck Ttotal Status Flags
r-devel-linux-x86_64-debian-clang 0.2.0 2.47 37.70 40.17 OK
r-devel-linux-x86_64-debian-gcc 0.2.0 1.97 29.26 31.23 OK
r-devel-linux-x86_64-fedora-clang 0.2.0 49.25 NOTE
r-devel-linux-x86_64-fedora-gcc 0.2.0 39.26 NOTE
r-devel-windows-x86_64-new-UL 0.2.0 35.00 56.00 91.00 OK
r-devel-windows-x86_64-new-TK 0.2.0 NOTE
r-patched-linux-x86_64 0.2.0 2.25 35.67 37.92 OK
r-release-linux-x86_64 0.2.0 2.02 35.61 37.63 OK
r-release-macos-arm64 0.2.0 NOTE
r-release-macos-x86_64 0.2.0 NOTE
r-release-windows-ix86+x86_64 0.2.0 7.00 47.00 54.00 OK
r-oldrel-macos-x86_64 0.2.0 NOTE
r-oldrel-windows-ix86+x86_64 0.2.0 7.00 47.00 54.00 OK

Check Details

Version: 0.2.0
Check: dependencies in R code
Result: NOTE
    Namespaces in Imports field not imported from:
     ‘MASS’ ‘kableExtra’ ‘tidyverse’
     All declared Imports should be used.
Flavors: r-devel-linux-x86_64-fedora-clang, r-devel-linux-x86_64-fedora-gcc, r-devel-windows-x86_64-new-TK, r-release-macos-arm64, r-release-macos-x86_64, r-oldrel-macos-x86_64