CRAN Package Check Results for Package SimDesign

Last updated on 2021-09-28 22:52:21 CEST.

Flavor Version Tinstall Tcheck Ttotal Status Flags
r-devel-linux-x86_64-debian-clang 2.7.1 11.09 108.04 119.13 OK
r-devel-linux-x86_64-debian-gcc 2.7.1 7.28 79.39 86.67 OK
r-devel-linux-x86_64-fedora-clang 2.7.1 148.67 NOTE
r-devel-linux-x86_64-fedora-gcc 2.7.1 136.77 OK
r-devel-windows-x86_64 2.7.1 15.00 146.00 161.00 NOTE
r-devel-windows-x86_64-gcc10-UCRT 2.7.1 OK
r-patched-linux-x86_64 2.7.1 7.62 106.61 114.23 OK
r-patched-solaris-x86 2.7.1 154.40 NOTE
r-release-linux-x86_64 2.7.1 9.82 108.09 117.91 OK
r-release-macos-arm64 2.7.1 NOTE
r-release-macos-x86_64 2.7.1 NOTE
r-release-windows-ix86+x86_64 2.7.1 30.00 158.00 188.00 NOTE
r-oldrel-macos-x86_64 2.7.1 NOTE
r-oldrel-windows-ix86+x86_64 2.7.1 16.00 107.00 123.00 NOTE

Check Details

Version: 2.7.1
Check: installed package size
Result: NOTE
     installed size is 5.8Mb
     sub-directories of 1Mb or more:
     doc 5.2Mb
Flavors: r-devel-linux-x86_64-fedora-clang, r-devel-windows-x86_64, r-patched-solaris-x86, r-release-macos-arm64, r-release-macos-x86_64, r-release-windows-ix86+x86_64, r-oldrel-macos-x86_64, r-oldrel-windows-ix86+x86_64

Version: 2.7.1
Check: package dependencies
Result: NOTE
    Package suggested but not available for checking: ‘doMPI’
Flavors: r-release-macos-arm64, r-release-macos-x86_64, r-oldrel-macos-x86_64