CRAN Package Check Results for Package SimTimeVar

Last updated on 2021-10-17 10:49:29 CEST.

Flavor Version Tinstall Tcheck Ttotal Status Flags
r-devel-linux-x86_64-debian-clang 1.0.0 6.12 53.35 59.47 OK
r-devel-linux-x86_64-debian-gcc 1.0.0 4.98 40.21 45.19 OK
r-devel-linux-x86_64-fedora-clang 1.0.0 80.25 NOTE
r-devel-linux-x86_64-fedora-gcc 1.0.0 68.13 NOTE
r-devel-windows-x86_64 1.0.0 11.00 76.00 87.00 OK
r-devel-windows-x86_64-gcc10-UCRT 1.0.0 NOTE
r-patched-linux-x86_64 1.0.0 6.24 49.63 55.87 OK
r-patched-solaris-x86 1.0.0 107.80 NOTE
r-release-linux-x86_64 1.0.0 6.69 49.30 55.99 OK
r-release-macos-arm64 1.0.0 NOTE
r-release-macos-x86_64 1.0.0 NOTE
r-release-windows-ix86+x86_64 1.0.0 17.00 73.00 90.00 OK
r-oldrel-macos-x86_64 1.0.0 NOTE
r-oldrel-windows-ix86+x86_64 1.0.0 19.00 78.00 97.00 OK

Check Details

Version: 1.0.0
Check: dependencies in R code
Result: NOTE
    Namespace in Imports field not imported from: ‘metafor’
     All declared Imports should be used.
Flavors: r-devel-linux-x86_64-fedora-clang, r-devel-linux-x86_64-fedora-gcc, r-devel-windows-x86_64-gcc10-UCRT, r-patched-solaris-x86, r-release-macos-arm64, r-release-macos-x86_64, r-oldrel-macos-x86_64