CRAN Package Check Results for Package SimplyAgree

Last updated on 2024-06-12 22:56:45 CEST.

Flavor Version Tinstall Tcheck Ttotal Status Flags
r-devel-linux-x86_64-debian-clang 0.2.0 33.16 470.34 503.50 OK
r-devel-linux-x86_64-debian-gcc 0.2.0 1.07 1.74 2.81 ERROR
r-devel-linux-x86_64-fedora-clang 0.2.0 614.11 OK
r-devel-linux-x86_64-fedora-gcc 0.2.0 606.56 OK
r-devel-windows-x86_64 0.2.0 29.00 309.00 338.00 OK
r-patched-linux-x86_64 0.2.0 29.11 443.97 473.08 OK
r-release-linux-x86_64 0.2.0 33.17 441.39 474.56 OK
r-release-macos-arm64 0.2.0 178.00 OK
r-release-macos-x86_64 0.2.0 269.00 OK
r-release-windows-x86_64 0.2.0 28.00 309.00 337.00 OK
r-oldrel-macos-arm64 0.2.0 178.00 OK
r-oldrel-macos-x86_64 0.2.0 390.00 OK
r-oldrel-windows-x86_64 0.2.0 39.00 432.00 471.00 OK

Check Details

Version: 0.2.0
Check: package dependencies
Result: ERROR Packages required but not available: 'ggplot2', 'lme4', 'dplyr', 'tidyselect', 'tidyr', 'stringr', 'patchwork', 'purrr' Packages suggested but not available for checking: 'testthat', 'readr', 'pbkrtest' See section ‘The DESCRIPTION file’ in the ‘Writing R Extensions’ manual. Flavor: r-devel-linux-x86_64-debian-gcc