CRAN Package Check Results for Package SingleCaseES

Last updated on 2024-02-22 21:51:53 CET.

Flavor Version Tinstall Tcheck Ttotal Status Flags
r-devel-linux-x86_64-debian-clang 0.7.2 NOTE
r-devel-linux-x86_64-debian-gcc 0.7.2 5.39 73.00 78.39 NOTE
r-devel-linux-x86_64-fedora-clang 0.7.2 135.97 NOTE
r-devel-linux-x86_64-fedora-gcc 0.7.2 147.81 NOTE
r-devel-windows-x86_64 0.7.2 7.00 98.00 105.00 OK
r-patched-linux-x86_64 0.7.2 5.74 95.09 100.83 OK
r-release-linux-x86_64 0.7.2 4.40 94.14 98.54 OK
r-release-macos-arm64 0.7.2 54.00 OK
r-release-macos-x86_64 0.7.2 95.00 OK
r-release-windows-x86_64 0.7.2 9.00 118.00 127.00 OK
r-oldrel-macos-arm64 0.7.2 47.00 OK
r-oldrel-windows-x86_64 0.7.2 10.00 114.00 124.00 OK

Check Details

Version: 0.7.2
Check: Rd files
Result: NOTE checkRd: (-1) NAP.Rd:109: Lost braces 109 | bounds for P{X<Y}, based on two independent samples. \emph{The Annals of | ^ Flavors: r-devel-linux-x86_64-debian-clang, r-devel-linux-x86_64-debian-gcc, r-devel-linux-x86_64-fedora-clang, r-devel-linux-x86_64-fedora-gcc