CRAN Package Check Results for Package SoundexBR

Last updated on 2024-07-23 10:56:15 CEST.

Flavor Version Tinstall Tcheck Ttotal Status Flags
r-devel-linux-x86_64-debian-clang 1.2 3.31 23.28 26.59 NOTE
r-devel-linux-x86_64-debian-gcc 1.2 2.41 18.34 20.75 NOTE
r-devel-linux-x86_64-fedora-clang 1.2 36.85 NOTE
r-devel-linux-x86_64-fedora-gcc 1.2 34.08 NOTE
r-devel-windows-x86_64 1.2 5.00 42.00 47.00 NOTE
r-patched-linux-x86_64 1.2 2.58 22.31 24.89 NOTE
r-release-linux-x86_64 1.2 2.99 23.20 26.19 NOTE
r-release-macos-arm64 1.2 16.00 NOTE
r-release-macos-x86_64 1.2 22.00 NOTE
r-release-windows-x86_64 1.2 5.00 42.00 47.00 NOTE
r-oldrel-macos-arm64 1.2 17.00 NOTE
r-oldrel-macos-x86_64 1.2 21.00 NOTE
r-oldrel-windows-x86_64 1.2 6.00 44.00 50.00 NOTE

Check Details

Version: 1.2
Check: package dependencies
Result: NOTE Package suggested but not available for checking: ‘SciencesPo’ Flavors: r-devel-linux-x86_64-debian-clang, r-devel-linux-x86_64-debian-gcc, r-devel-linux-x86_64-fedora-clang, r-devel-linux-x86_64-fedora-gcc, r-devel-windows-x86_64, r-patched-linux-x86_64, r-release-linux-x86_64, r-release-macos-arm64, r-release-macos-x86_64, r-release-windows-x86_64, r-oldrel-macos-arm64, r-oldrel-macos-x86_64, r-oldrel-windows-x86_64

Version: 1.2
Check: LazyData
Result: NOTE 'LazyData' is specified without a 'data' directory Flavors: r-devel-linux-x86_64-debian-clang, r-devel-linux-x86_64-debian-gcc, r-devel-linux-x86_64-fedora-clang, r-devel-linux-x86_64-fedora-gcc, r-devel-windows-x86_64, r-patched-linux-x86_64, r-release-linux-x86_64, r-release-macos-arm64, r-release-macos-x86_64, r-release-windows-x86_64, r-oldrel-macos-arm64, r-oldrel-macos-x86_64, r-oldrel-windows-x86_64

Version: 1.2
Check: compiled code
Result: NOTE File ‘SoundexBR/libs/SoundexBR.so’: Found no calls to: ‘R_registerRoutines’, ‘R_useDynamicSymbols’ It is good practice to register native routines and to disable symbol search. See ‘Writing portable packages’ in the ‘Writing R Extensions’ manual. Flavors: r-devel-linux-x86_64-fedora-clang, r-devel-linux-x86_64-fedora-gcc