CRAN Package Check Results for Package SpatialGraph

Last updated on 2025-01-13 09:48:43 CET.

Flavor Version Tinstall Tcheck Ttotal Status Flags
r-devel-linux-x86_64-debian-clang 1.0-4 7.12 51.08 58.20 NOTE
r-devel-linux-x86_64-debian-gcc 1.0-4 4.39 39.68 44.07 NOTE
r-devel-linux-x86_64-fedora-clang 1.0-4 92.94 NOTE
r-devel-linux-x86_64-fedora-gcc 1.0-4 97.35 NOTE
r-devel-windows-x86_64 1.0-4 7.00 69.00 76.00 NOTE
r-patched-linux-x86_64 1.0-4 7.62 49.67 57.29 NOTE
r-release-linux-x86_64 1.0-4 6.56 49.29 55.85 NOTE
r-release-macos-arm64 1.0-4 28.00 NOTE
r-release-macos-x86_64 1.0-4 41.00 NOTE
r-release-windows-x86_64 1.0-4 8.00 67.00 75.00 NOTE
r-oldrel-macos-arm64 1.0-4 34.00 OK
r-oldrel-macos-x86_64 1.0-4 75.00 OK
r-oldrel-windows-x86_64 1.0-4 9.00 78.00 87.00 OK

Check Details

Version: 1.0-4
Check: Rd files
Result: NOTE checkRd: (-1) distSG.Rd:40: Lost braces; missing escapes or markup? 40 | matrix and weight matrix (plus a matrix with {eID} identifiers | ^ Flavors: r-devel-linux-x86_64-debian-clang, r-devel-linux-x86_64-debian-gcc, r-devel-linux-x86_64-fedora-clang, r-devel-linux-x86_64-fedora-gcc, r-devel-windows-x86_64, r-patched-linux-x86_64, r-release-linux-x86_64, r-release-macos-arm64, r-release-macos-x86_64, r-release-windows-x86_64