CRAN Package Check Results for Package Statsomat

Last updated on 2021-12-07 03:53:57 CET.

Flavor Version Tinstall Tcheck Ttotal Status Flags
r-devel-linux-x86_64-debian-clang 1.1.0 2.83 29.61 32.44 OK
r-devel-linux-x86_64-debian-gcc 1.1.0 2.55 23.83 26.38 OK
r-devel-linux-x86_64-fedora-clang 1.1.0 42.36 NOTE
r-devel-linux-x86_64-fedora-gcc 1.1.0 28.48 NOTE
r-devel-windows-x86_64-new-UL 1.1.0 13.00 61.00 74.00 NOTE
r-devel-windows-x86_64-new-TK 1.1.0 NOTE
r-devel-windows-x86_64-old 1.1.0 7.00 38.00 45.00 NOTE
r-patched-linux-x86_64 1.1.0 3.04 20.21 23.25 OK
r-release-linux-x86_64 1.1.0 3.01 28.39 31.40 OK
r-release-macos-arm64 1.1.0 NOTE
r-release-macos-x86_64 1.1.0 NOTE
r-release-windows-ix86+x86_64 1.1.0 7.00 35.00 42.00 NOTE
r-oldrel-macos-x86_64 1.1.0 NOTE
r-oldrel-windows-ix86+x86_64 1.1.0 11.00 40.00 51.00 NOTE

Check Details

Version: 1.1.0
Check: installed package size
Result: NOTE
     installed size is 6.3Mb
     sub-directories of 1Mb or more:
     shiny-apps 6.2Mb
Flavors: r-devel-linux-x86_64-fedora-clang, r-devel-windows-x86_64-new-UL, r-devel-windows-x86_64-old, r-release-macos-arm64, r-release-macos-x86_64, r-release-windows-ix86+x86_64, r-oldrel-macos-x86_64, r-oldrel-windows-ix86+x86_64

Version: 1.1.0
Check: dependencies in R code
Result: NOTE
    Namespaces in Imports field not imported from:
     ‘DDoutlier’ ‘car’ ‘corrplot’ ‘data.table’ ‘energy’ ‘ggplot2’
     ‘gridExtra’ ‘kableExtra’ ‘knitr’ ‘readr’ ‘reshape2’ ‘rmarkdown’
     ‘shinydisconnect’
     All declared Imports should be used.
Flavors: r-devel-linux-x86_64-fedora-clang, r-devel-linux-x86_64-fedora-gcc, r-devel-windows-x86_64-new-TK, r-release-macos-arm64, r-release-macos-x86_64, r-oldrel-macos-x86_64