CRAN Package Check Results for Package StepReg

Last updated on 2021-09-23 13:55:08 CEST.

Flavor Version Tinstall Tcheck Ttotal Status Flags
r-devel-linux-x86_64-debian-clang 1.4.2 44.16 35.14 79.30 OK
r-devel-linux-x86_64-debian-gcc 1.4.2 33.48 28.33 61.81 OK
r-devel-linux-x86_64-fedora-clang 1.4.2 118.66 NOTE
r-devel-linux-x86_64-fedora-gcc 1.4.2 103.95 OK
r-devel-windows-x86_64 1.4.2 43.00 51.00 94.00 OK
r-devel-windows-x86_64-gcc10-UCRT 1.4.2 ERROR
r-patched-linux-x86_64 1.4.2 37.46 35.74 73.20 OK
r-patched-solaris-x86 1.4.2 110.40 OK
r-release-linux-x86_64 1.4.2 35.28 35.35 70.63 OK
r-release-macos-arm64 1.4.2 NOTE
r-release-macos-x86_64 1.4.2 NOTE
r-release-windows-ix86+x86_64 1.4.2 102.00 84.00 186.00 OK
r-oldrel-macos-x86_64 1.4.2 NOTE
r-oldrel-windows-ix86+x86_64 1.4.2 75.00 61.00 136.00 OK

Check Details

Version: 1.4.2
Check: installed package size
Result: NOTE
     installed size is 11.6Mb
     sub-directories of 1Mb or more:
     libs 11.4Mb
Flavors: r-devel-linux-x86_64-fedora-clang, r-release-macos-arm64, r-release-macos-x86_64, r-oldrel-macos-x86_64

Version: 1.4.2
Check: whether package can be installed
Result: ERROR
    Installation failed.
Flavor: r-devel-windows-x86_64-gcc10-UCRT