CRAN Package Check Results for Package StratifiedBalancing

Last updated on 2024-06-24 22:57:23 CEST.

Flavor Version Tinstall Tcheck Ttotal Status Flags
r-devel-linux-x86_64-debian-clang 0.3.0 4.34 32.62 36.96 OK
r-devel-linux-x86_64-debian-gcc 0.3.0 2.95 24.88 27.83 OK
r-devel-linux-x86_64-fedora-clang 0.3.0 47.00 NOTE
r-devel-linux-x86_64-fedora-gcc 0.3.0 44.37 NOTE
r-devel-windows-x86_64 0.3.0 4.00 44.00 48.00 OK
r-patched-linux-x86_64 0.3.0 4.43 31.84 36.27 OK
r-release-linux-x86_64 0.3.0 2.66 31.88 34.54 OK
r-release-macos-arm64 0.3.0 18.00 OK
r-release-macos-x86_64 0.3.0 30.00 OK
r-release-windows-x86_64 0.3.0 5.00 44.00 49.00 OK
r-oldrel-macos-arm64 0.3.0 21.00 OK
r-oldrel-macos-x86_64 0.3.0 25.00 OK
r-oldrel-windows-x86_64 0.3.0 5.00 48.00 53.00 OK

Check Details

Version: 0.3.0
Check: dependencies in R code
Result: NOTE Namespace in Imports field not imported from: ‘bnlearn’ All declared Imports should be used. Flavors: r-devel-linux-x86_64-fedora-clang, r-devel-linux-x86_64-fedora-gcc