CRAN Package Check Results for Package StratifiedBalancing

Last updated on 2021-09-18 22:53:17 CEST.

Flavor Version Tinstall Tcheck Ttotal Status Flags
r-devel-linux-x86_64-debian-clang 0.3.0 3.76 31.75 35.51 OK
r-devel-linux-x86_64-debian-gcc 0.3.0 3.31 24.24 27.55 OK
r-devel-linux-x86_64-fedora-clang 0.3.0 51.11 NOTE
r-devel-linux-x86_64-fedora-gcc 0.3.0 40.65 NOTE
r-devel-windows-x86_64 0.3.0 5.00 48.00 53.00 OK
r-devel-windows-x86_64-gcc10-UCRT 0.3.0 NOTE
r-patched-linux-x86_64 0.3.0 3.08 30.47 33.55 OK
r-patched-solaris-x86 0.3.0 62.40 NOTE
r-release-linux-x86_64 0.3.0 2.99 30.29 33.28 OK
r-release-macos-arm64 0.3.0 NOTE
r-release-macos-x86_64 0.3.0 NOTE
r-release-windows-ix86+x86_64 0.3.0 8.00 46.00 54.00 OK
r-oldrel-macos-x86_64 0.3.0 NOTE
r-oldrel-windows-ix86+x86_64 0.3.0 8.00 48.00 56.00 OK

Check Details

Version: 0.3.0
Check: dependencies in R code
Result: NOTE
    Namespace in Imports field not imported from: ‘bnlearn’
     All declared Imports should be used.
Flavors: r-devel-linux-x86_64-fedora-clang, r-devel-linux-x86_64-fedora-gcc, r-devel-windows-x86_64-gcc10-UCRT, r-patched-solaris-x86, r-release-macos-arm64, r-release-macos-x86_64, r-oldrel-macos-x86_64