Last updated on 2023-10-01 05:05:55 CEST.
Flavor | Version | Tinstall | Tcheck | Ttotal | Status | Flags |
---|---|---|---|---|---|---|
r-devel-linux-x86_64-debian-clang | 2.0-28.1 | 5.84 | 382.00 | 387.84 | NOTE | |
r-devel-linux-x86_64-debian-gcc | 2.0-28.1 | 5.80 | 282.06 | 287.86 | NOTE | |
r-devel-linux-x86_64-fedora-clang | 2.0-28.1 | 461.77 | NOTE | |||
r-devel-linux-x86_64-fedora-gcc | 2.0-28.1 | 465.95 | NOTE | |||
r-devel-windows-x86_64 | 2.0-28.1 | 7.00 | 314.00 | 321.00 | FAIL | |
r-patched-linux-x86_64 | 2.0-28.1 | 8.31 | 353.79 | 362.10 | NOTE | |
r-release-linux-x86_64 | 2.0-28.1 | 8.13 | 359.33 | 367.46 | NOTE | |
r-release-macos-arm64 | 2.0-28.1 | 130.00 | NOTE | |||
r-release-macos-x86_64 | 2.0-28.1 | 218.00 | NOTE | |||
r-release-windows-x86_64 | 2.0-28.1 | 10.00 | 463.00 | 473.00 | FAIL | |
r-oldrel-macos-arm64 | 2.0-28.1 | 121.00 | OK | |||
r-oldrel-macos-x86_64 | 2.0-28.1 | 174.00 | OK | |||
r-oldrel-windows-x86_64 | 2.0-28.1 | 10.00 | 350.00 | 360.00 | NOTE |
Version: 2.0-28.1
Check: package dependencies
Result: NOTE
Package suggested but not available for checking: ‘extraTrees’
Flavors: r-devel-linux-x86_64-debian-clang, r-devel-linux-x86_64-debian-gcc, r-devel-linux-x86_64-fedora-clang, r-devel-linux-x86_64-fedora-gcc, r-devel-windows-x86_64, r-patched-linux-x86_64, r-release-linux-x86_64, r-release-macos-arm64, r-release-macos-x86_64, r-release-windows-x86_64, r-oldrel-windows-x86_64
Version: 2.0-28.1
Check: Rd cross-references
Result: NOTE
Unknown package ‘extraTrees’ in Rd xrefs
Flavors: r-devel-linux-x86_64-debian-clang, r-devel-linux-x86_64-debian-gcc, r-devel-linux-x86_64-fedora-clang, r-devel-linux-x86_64-fedora-gcc, r-devel-windows-x86_64, r-patched-linux-x86_64, r-release-linux-x86_64, r-release-macos-arm64, r-release-macos-x86_64, r-release-windows-x86_64, r-oldrel-windows-x86_64
Version: 2.0-28.1
Check: re-building of vignette outputs
Result: FAIL
Flavors: r-devel-windows-x86_64, r-release-windows-x86_64