CRAN Package Check Results for Package SuperpixelImageSegmentation

Last updated on 2021-07-28 22:58:09 CEST.

Flavor Version Tinstall Tcheck Ttotal Status Flags
r-devel-linux-x86_64-debian-clang 1.0.4 OK
r-devel-linux-x86_64-debian-gcc 1.0.4 43.88 33.01 76.89 OK
r-devel-linux-x86_64-fedora-clang 1.0.4 153.29 NOTE
r-devel-linux-x86_64-fedora-gcc 1.0.4 139.09 OK
r-devel-windows-x86_64 1.0.4 56.00 79.00 135.00 OK
r-devel-windows-x86_64-gcc10-UCRT 1.0.4 OK
r-patched-linux-x86_64 1.0.4 53.41 41.60 95.01 OK
r-patched-solaris-x86 1.0.4 144.50 OK
r-release-linux-x86_64 1.0.4 54.77 41.12 95.89 OK
r-release-macos-arm64 1.0.4 NOTE
r-release-macos-x86_64 1.0.4 NOTE
r-release-windows-ix86+x86_64 1.0.4 136.00 103.00 239.00 OK
r-oldrel-macos-x86_64 1.0.4 NOTE
r-oldrel-windows-ix86+x86_64 1.0.4 98.00 118.00 216.00 OK

Check Details

Version: 1.0.4
Check: installed package size
Result: NOTE
     installed size is 5.1Mb
     sub-directories of 1Mb or more:
     libs 4.8Mb
Flavors: r-devel-linux-x86_64-fedora-clang, r-release-macos-arm64, r-release-macos-x86_64, r-oldrel-macos-x86_64