CRAN Package Check Results for Package Surrogate

Last updated on 2021-11-28 06:48:54 CET.

Flavor Version Tinstall Tcheck Ttotal Status Flags
r-devel-linux-x86_64-debian-clang 2.0 OK
r-devel-linux-x86_64-debian-gcc 2.0 33.45 180.89 214.34 OK
r-devel-linux-x86_64-fedora-clang 2.0 363.25 NOTE
r-devel-linux-x86_64-fedora-gcc 2.0 380.05 NOTE
r-devel-windows-x86_64-new-UL 2.0 70.00 293.00 363.00 OK
r-devel-windows-x86_64-new-TK 2.0 NOTE
r-devel-windows-x86_64-old 2.0 54.00 206.00 260.00 OK
r-patched-linux-x86_64 2.0 46.54 239.47 286.01 OK
r-patched-solaris-x86 2.0 443.90 NOTE
r-release-linux-x86_64 2.0 38.95 243.21 282.16 OK
r-release-macos-arm64 2.0 NOTE
r-release-macos-x86_64 2.0 NOTE
r-release-windows-ix86+x86_64 2.0 69.00 276.00 345.00 OK
r-oldrel-macos-x86_64 2.0 NOTE
r-oldrel-windows-ix86+x86_64 2.0 66.00 277.00 343.00 OK

Check Details

Version: 2.0
Check: dependencies in R code
Result: NOTE
    Namespace in Imports field not imported from: ‘rootSolve’
     All declared Imports should be used.
Flavors: r-devel-linux-x86_64-fedora-clang, r-devel-linux-x86_64-fedora-gcc, r-devel-windows-x86_64-new-TK, r-patched-solaris-x86, r-release-macos-arm64, r-release-macos-x86_64, r-oldrel-macos-x86_64