CRAN Package Check Results for Package Sysrecon

Last updated on 2024-07-20 21:56:17 CEST.

Flavor Version Tinstall Tcheck Ttotal Status Flags
r-devel-linux-x86_64-debian-clang 0.1.3 12.18 87.14 99.32 OK
r-devel-linux-x86_64-debian-gcc 0.1.3 8.08 64.46 72.54 OK
r-devel-linux-x86_64-fedora-clang 0.1.3 121.26 NOTE
r-devel-linux-x86_64-fedora-gcc 0.1.3 114.68 NOTE
r-devel-windows-x86_64 0.1.3 10.00 101.00 111.00 OK
r-patched-linux-x86_64 0.1.3 7.45 81.73 89.18 OK
r-release-linux-x86_64 0.1.3 7.68 80.70 88.38 OK
r-release-macos-arm64 0.1.3 34.00 OK
r-release-macos-x86_64 0.1.3 63.00 OK
r-release-windows-x86_64 0.1.3 11.00 81.00 92.00 OK
r-oldrel-macos-arm64 0.1.3 34.00 OK
r-oldrel-macos-x86_64 0.1.3 53.00 OK
r-oldrel-windows-x86_64 0.1.3 13.00 98.00 111.00 OK

Check Details

Version: 0.1.3
Check: data for non-ASCII characters
Result: NOTE Note: found 38 marked UTF-8 strings Flavors: r-devel-linux-x86_64-fedora-clang, r-devel-linux-x86_64-fedora-gcc