CRAN Package Check Results for Package TDA

Last updated on 2021-09-27 16:50:32 CEST.

Flavor Version Tinstall Tcheck Ttotal Status Flags
r-devel-linux-x86_64-debian-clang 1.7.7 131.24 95.91 227.15 OK
r-devel-linux-x86_64-debian-gcc 1.7.7 96.32 75.31 171.63 OK
r-devel-linux-x86_64-fedora-clang 1.7.7 311.63 NOTE
r-devel-linux-x86_64-fedora-gcc 1.7.7 296.47 NOTE
r-devel-windows-x86_64 1.7.7 98.00 115.00 213.00 OK
r-devel-windows-x86_64-gcc10-UCRT 1.7.7 NOTE
r-patched-linux-x86_64 1.7.7 112.41 96.14 208.55 OK
r-patched-solaris-x86 1.7.7 302.00 NOTE
r-release-linux-x86_64 1.7.7 108.80 95.05 203.85 OK
r-release-macos-arm64 1.7.7 NOTE
r-release-macos-x86_64 1.7.7 NOTE
r-release-windows-ix86+x86_64 1.7.7 243.00 179.00 422.00 NOTE
r-oldrel-macos-x86_64 1.7.7 NOTE
r-oldrel-windows-ix86+x86_64 1.7.7 177.00 149.00 326.00 NOTE

Additional issues

clang-UBSAN

Check Details

Version: 1.7.7
Check: installed package size
Result: NOTE
     installed size is 29.9Mb
     sub-directories of 1Mb or more:
     doc 1.5Mb
     libs 28.1Mb
Flavors: r-devel-linux-x86_64-fedora-clang, r-release-macos-arm64, r-release-macos-x86_64, r-release-windows-ix86+x86_64, r-oldrel-macos-x86_64, r-oldrel-windows-ix86+x86_64

Version: 1.7.7
Check: dependencies in R code
Result: NOTE
    Namespace in Imports field not imported from: ‘scales’
     All declared Imports should be used.
Flavors: r-devel-linux-x86_64-fedora-clang, r-devel-linux-x86_64-fedora-gcc, r-devel-windows-x86_64-gcc10-UCRT, r-patched-solaris-x86, r-release-macos-arm64, r-release-macos-x86_64, r-oldrel-macos-x86_64