CRAN Package Check Results for Package TDAkit

Last updated on 2021-09-25 07:49:51 CEST.

Flavor Version Tinstall Tcheck Ttotal Status Flags
r-devel-linux-x86_64-debian-clang 0.1.2 75.45 169.49 244.94 OK
r-devel-linux-x86_64-debian-gcc 0.1.2 51.32 126.45 177.77 OK
r-devel-linux-x86_64-fedora-clang 0.1.2 317.88 NOTE
r-devel-linux-x86_64-fedora-gcc 0.1.2 296.31 OK
r-devel-windows-x86_64 0.1.2 77.00 151.00 228.00 OK
r-devel-windows-x86_64-gcc10-UCRT 0.1.2 OK
r-patched-linux-x86_64 0.1.2 62.67 159.15 221.82 OK
r-patched-solaris-x86 0.1.2 313.70 OK
r-release-linux-x86_64 0.1.2 57.83 159.32 217.15 OK
r-release-macos-arm64 0.1.2 OK
r-release-macos-x86_64 0.1.2 OK
r-release-windows-ix86+x86_64 0.1.2 175.00 270.00 445.00 OK
r-oldrel-macos-x86_64 0.1.2 OK
r-oldrel-windows-ix86+x86_64 0.1.2 131.00 210.00 341.00 OK

Check Details

Version: 0.1.2
Check: Rd cross-references
Result: NOTE
    Undeclared package ‘Rtsne’ in Rd xrefs
Flavor: r-devel-linux-x86_64-fedora-clang