CRAN Package Check Results for Package TDAstats

Last updated on 2021-09-23 13:55:09 CEST.

Flavor Version Tinstall Tcheck Ttotal Status Flags
r-devel-linux-x86_64-debian-clang 0.4.1 24.31 67.45 91.76 OK
r-devel-linux-x86_64-debian-gcc 0.4.1 17.49 51.33 68.82 OK
r-devel-linux-x86_64-fedora-clang 0.4.1 124.80 OK
r-devel-linux-x86_64-fedora-gcc 0.4.1 109.14 OK
r-devel-windows-x86_64 0.4.1 22.00 74.00 96.00 OK
r-devel-windows-x86_64-gcc10-UCRT 0.4.1 ERROR
r-patched-linux-x86_64 0.4.1 20.83 66.63 87.46 OK
r-patched-solaris-x86 0.4.1 145.50 OK
r-release-linux-x86_64 0.4.1 18.13 66.07 84.20 OK
r-release-macos-arm64 0.4.1 OK
r-release-macos-x86_64 0.4.1 OK
r-release-windows-ix86+x86_64 0.4.1 60.00 121.00 181.00 OK
r-oldrel-macos-x86_64 0.4.1 OK
r-oldrel-windows-ix86+x86_64 0.4.1 45.00 104.00 149.00 OK

Check Details

Version: 0.4.1
Check: whether package can be installed
Result: ERROR
    Installation failed.
Flavor: r-devel-windows-x86_64-gcc10-UCRT