CRAN Package Check Results for Package TH.data

Last updated on 2021-09-19 16:49:30 CEST.

Flavor Version Tinstall Tcheck Ttotal Status Flags
r-devel-linux-x86_64-debian-clang 1.0-10 6.68 32.99 39.67 OK
r-devel-linux-x86_64-debian-gcc 1.0-10 4.83 25.99 30.82 OK
r-devel-linux-x86_64-fedora-clang 1.0-10 56.12 NOTE
r-devel-linux-x86_64-fedora-gcc 1.0-10 46.29 OK
r-devel-windows-x86_64 1.0-10 7.00 49.00 56.00 NOTE
r-devel-windows-x86_64-gcc10-UCRT 1.0-10 ERROR
r-patched-linux-x86_64 1.0-10 5.04 31.61 36.65 OK
r-patched-solaris-x86 1.0-10 74.50 NOTE
r-release-linux-x86_64 1.0-10 5.30 32.03 37.33 OK
r-release-macos-arm64 1.0-10 NOTE
r-release-macos-x86_64 1.0-10 NOTE
r-release-windows-ix86+x86_64 1.0-10 16.00 51.00 67.00 NOTE
r-oldrel-macos-x86_64 1.0-10 NOTE
r-oldrel-windows-ix86+x86_64 1.0-10 14.00 39.00 53.00 NOTE

Check Details

Version: 1.0-10
Check: installed package size
Result: NOTE
     installed size is 8.5Mb
     sub-directories of 1Mb or more:
     data 1.2Mb
     rda 7.1Mb
Flavors: r-devel-linux-x86_64-fedora-clang, r-devel-windows-x86_64, r-patched-solaris-x86, r-release-macos-arm64, r-release-macos-x86_64, r-release-windows-ix86+x86_64, r-oldrel-macos-x86_64, r-oldrel-windows-ix86+x86_64

Version: 1.0-10
Check: whether package can be installed
Result: WARN
    Found the following significant warnings:
     WARNING: installation-time patches will not be applied, could not get the patches index
Flavor: r-devel-windows-x86_64-gcc10-UCRT

Version: 1.0-10
Check: PDF version of manual
Result: WARN
    LaTeX errors when creating PDF version.
    This typically indicates Rd problems.
Flavor: r-devel-windows-x86_64-gcc10-UCRT

Version: 1.0-10
Check: PDF version of manual without hyperrefs or index
Result: ERROR
    Re-running with no redirection of stdout/stderr.
Flavor: r-devel-windows-x86_64-gcc10-UCRT