CRAN Package Check Results for Package TSCS

Last updated on 2021-10-28 10:51:54 CEST.

Flavor Version Tinstall Tcheck Ttotal Status Flags
r-devel-linux-x86_64-debian-clang 0.1.1 8.84 70.95 79.79 NOTE
r-devel-linux-x86_64-debian-gcc 0.1.1 6.82 54.21 61.03 NOTE
r-devel-linux-x86_64-fedora-clang 0.1.1 105.41 NOTE
r-devel-linux-x86_64-fedora-gcc 0.1.1 91.57 NOTE
r-devel-windows-x86_64 0.1.1 13.00 90.00 103.00 NOTE
r-devel-windows-x86_64-gcc10-UCRT 0.1.1 NOTE
r-patched-linux-x86_64 0.1.1 9.03 68.07 77.10 NOTE
r-patched-solaris-x86 0.1.1 122.90 NOTE
r-release-linux-x86_64 0.1.1 7.78 67.38 75.16 NOTE
r-release-macos-arm64 0.1.1 NOTE
r-release-macos-x86_64 0.1.1 NOTE
r-release-windows-ix86+x86_64 0.1.1 16.00 367.00 383.00 NOTE
r-oldrel-macos-x86_64 0.1.1 OK
r-oldrel-windows-ix86+x86_64 0.1.1 13.00 88.00 101.00 OK

Check Details

Version: 0.1.1
Check: LazyData
Result: NOTE
     'LazyData' is specified without a 'data' directory
Flavors: r-devel-linux-x86_64-debian-clang, r-devel-linux-x86_64-debian-gcc, r-devel-linux-x86_64-fedora-clang, r-devel-linux-x86_64-fedora-gcc, r-devel-windows-x86_64, r-devel-windows-x86_64-gcc10-UCRT, r-patched-linux-x86_64, r-patched-solaris-x86, r-release-linux-x86_64, r-release-macos-arm64, r-release-macos-x86_64, r-release-windows-ix86+x86_64