CRAN Package Check Results for Package TSdeeplearning

Last updated on 2023-12-01 21:54:23 CET.

Flavor Version Tinstall Tcheck Ttotal Status Flags
r-devel-linux-x86_64-debian-clang 0.1.0 17.35 124.26 141.61 OK
r-devel-linux-x86_64-debian-gcc 0.1.0 12.30 94.83 107.13 OK
r-devel-linux-x86_64-fedora-clang 0.1.0 174.32 NOTE
r-devel-linux-x86_64-fedora-gcc 0.1.0 166.54 NOTE
r-devel-windows-x86_64 0.1.0 14.00 103.00 117.00 OK
r-patched-linux-x86_64 0.1.0 14.07 119.24 133.31 OK
r-release-linux-x86_64 0.1.0 10.15 117.21 127.36 OK
r-release-macos-arm64 0.1.0 54.00 OK
r-release-macos-x86_64 0.1.0 64.00 OK
r-release-windows-x86_64 0.1.0 18.00 121.00 139.00 OK
r-oldrel-macos-arm64 0.1.0 49.00 NOTE
r-oldrel-macos-x86_64 0.1.0 71.00 NOTE
r-oldrel-windows-x86_64 0.1.0 19.00 122.00 141.00 OK

Additional issues

donttest

Check Details

Version: 0.1.0
Check: dependencies in R code
Result: NOTE Namespaces in Imports field not imported from: ‘reticulate’ ‘tensorflow’ All declared Imports should be used. Flavors: r-devel-linux-x86_64-fedora-clang, r-devel-linux-x86_64-fedora-gcc, r-oldrel-macos-arm64, r-oldrel-macos-x86_64