CRAN Package Check Results for Package TSstudio

Last updated on 2024-02-25 09:53:40 CET.

Flavor Version Tinstall Tcheck Ttotal Status Flags
r-devel-linux-x86_64-debian-clang 0.1.7 9.96 91.91 101.87 OK
r-devel-linux-x86_64-debian-gcc 0.1.7 7.16 69.69 76.85 OK
r-devel-linux-x86_64-fedora-clang 0.1.7 124.93 NOTE
r-devel-linux-x86_64-fedora-gcc 0.1.7 131.98 NOTE
r-devel-windows-x86_64 0.1.7 10.00 93.00 103.00 OK
r-patched-linux-x86_64 0.1.7 6.95 90.29 97.24 OK
r-release-linux-x86_64 0.1.7 7.24 90.34 97.58 OK
r-release-macos-arm64 0.1.7 41.00 OK
r-release-macos-x86_64 0.1.7 98.00 OK
r-release-windows-x86_64 0.1.7 13.00 264.00 277.00 OK
r-oldrel-macos-arm64 0.1.7 38.00 OK
r-oldrel-windows-x86_64 0.1.7 13.00 166.00 179.00 OK

Check Details

Version: 0.1.7
Check: dependencies in R code
Result: NOTE Namespace in Imports field not imported from: ‘forecastHybrid’ All declared Imports should be used. Flavors: r-devel-linux-x86_64-fedora-clang, r-devel-linux-x86_64-fedora-gcc