CRAN Package Check Results for Package TapeS

Last updated on 2024-07-13 21:44:53 CEST.

Flavor Version Tinstall Tcheck Ttotal Status Flags
r-devel-linux-x86_64-debian-clang 0.12.1 67.23 77.98 145.21 NOTE
r-devel-linux-x86_64-debian-gcc 0.12.1 39.13 57.22 96.35 NOTE
r-devel-linux-x86_64-fedora-clang 0.12.1 184.13 NOTE
r-devel-linux-x86_64-fedora-gcc 0.12.1 190.94 NOTE
r-devel-windows-x86_64 0.12.1 44.00 101.00 145.00 NOTE
r-patched-linux-x86_64 0.12.1 46.07 73.51 119.58 NOTE
r-release-linux-x86_64 0.12.1 50.12 72.41 122.53 NOTE
r-release-macos-arm64 0.12.1 54.00 NOTE
r-release-macos-x86_64 0.12.1 85.00 NOTE
r-release-windows-x86_64 0.12.1 44.00 242.00 286.00 NOTE
r-oldrel-macos-arm64 0.12.1 59.00 OK
r-oldrel-macos-x86_64 0.12.1 93.00 OK
r-oldrel-windows-x86_64 0.12.1 57.00 264.00 321.00 OK

Check Details

Version: 0.12.1
Check: Rd files
Result: NOTE checkRd: (-1) SKPar.Rd:36: Lost braces in \itemize; meant \describe ? checkRd: (-1) SKPar.Rd:37: Lost braces in \itemize; meant \describe ? checkRd: (-1) SKPar.Rd:38: Lost braces in \itemize; meant \describe ? checkRd: (-1) SKPar.Rd:39: Lost braces in \itemize; meant \describe ? checkRd: (-1) SKPar.Rd:40: Lost braces in \itemize; meant \describe ? checkRd: (-1) SKPar.Rd:41: Lost braces in \itemize; meant \describe ? checkRd: (-1) SKPar.Rd:42: Lost braces in \itemize; meant \describe ? checkRd: (-1) SKPar.Rd:43: Lost braces in \itemize; meant \describe ? Flavors: r-devel-linux-x86_64-debian-clang, r-devel-linux-x86_64-debian-gcc, r-devel-linux-x86_64-fedora-clang, r-devel-linux-x86_64-fedora-gcc, r-devel-windows-x86_64, r-patched-linux-x86_64, r-release-linux-x86_64, r-release-macos-arm64, r-release-macos-x86_64, r-release-windows-x86_64