CRAN Package Check Results for Package TestAnaAPP

Last updated on 2024-03-05 09:53:11 CET.

Flavor Version Tinstall Tcheck Ttotal Status Flags
r-devel-linux-x86_64-debian-clang 0.1.8 44.53 263.91 308.44 OK
r-devel-linux-x86_64-debian-gcc 0.1.8 35.57 197.87 233.44 OK
r-devel-linux-x86_64-fedora-clang 0.1.8 402.52 OK
r-devel-linux-x86_64-fedora-gcc 0.1.8 366.34 OK
r-devel-windows-x86_64 0.1.8 32.00 181.00 213.00 OK
r-patched-linux-x86_64 0.1.8 41.99 228.23 270.22 OK
r-release-linux-x86_64 0.1.8 0.45 1.83 2.28 ERROR
r-release-macos-arm64 0.1.8 93.00 OK
r-release-macos-x86_64 0.1.8 151.00 OK
r-release-windows-x86_64 0.1.8 42.00 246.00 288.00 OK
r-oldrel-macos-arm64 0.1.8 100.00 OK
r-oldrel-windows-x86_64 0.1.8 43.00 264.00 307.00 OK

Check Details

Version: 0.1.8
Check: package dependencies
Result: ERROR Package required but not available: ‘tidySEM’ See section ‘The DESCRIPTION file’ in the ‘Writing R Extensions’ manual. Flavor: r-release-linux-x86_64