CRAN Package Check Results for Package TestDimorph

Last updated on 2021-09-23 10:53:51 CEST.

Flavor Version Tinstall Tcheck Ttotal Status Flags
r-devel-linux-x86_64-debian-clang 0.4.1 21.60 161.93 183.53 OK
r-devel-linux-x86_64-debian-gcc 0.4.1 17.57 120.21 137.78 OK
r-devel-linux-x86_64-fedora-clang 0.4.1 230.62 OK
r-devel-linux-x86_64-fedora-gcc 0.4.1 226.33 OK
r-devel-windows-x86_64 0.4.1 22.00 138.00 160.00 OK
r-devel-windows-x86_64-gcc10-UCRT 0.4.1 ERROR
r-patched-linux-x86_64 0.4.1 21.81 151.70 173.51 OK
r-patched-solaris-x86 0.4.1 290.90 OK
r-release-linux-x86_64 0.4.1 18.50 151.23 169.73 OK
r-release-macos-arm64 0.4.1 OK
r-release-macos-x86_64 0.4.1 OK
r-release-windows-ix86+x86_64 0.4.1 46.00 178.00 224.00 OK
r-oldrel-macos-x86_64 0.4.1 OK
r-oldrel-windows-ix86+x86_64 0.4.1 28.00 139.00 167.00 OK

Check Details

Version: 0.4.1
Check: package dependencies
Result: ERROR
    Package required but not available: 'Morpho'
    
    See section 'The DESCRIPTION file' in the 'Writing R Extensions'
    manual.
Flavor: r-devel-windows-x86_64-gcc10-UCRT