CRAN Package Check Results for Package TexExamRandomizer

Last updated on 2021-09-21 04:55:41 CEST.

Flavor Version Tinstall Tcheck Ttotal Status Flags
r-devel-linux-x86_64-debian-clang 1.2.3 28.50 58.84 87.34 OK
r-devel-linux-x86_64-debian-gcc 1.2.3 21.13 45.58 66.71 OK
r-devel-linux-x86_64-fedora-clang 1.2.3 122.98 OK
r-devel-linux-x86_64-fedora-gcc 1.2.3 108.03 OK
r-devel-windows-x86_64 1.2.3 25.00 60.00 85.00 OK
r-devel-windows-x86_64-gcc10-UCRT 1.2.3 ERROR
r-patched-linux-x86_64 1.2.3 25.40 58.03 83.43 OK
r-patched-solaris-x86 1.2.3 105.00 OK
r-release-linux-x86_64 1.2.3 25.74 57.86 83.60 OK
r-release-macos-arm64 1.2.3 OK
r-release-macos-x86_64 1.2.3 OK
r-release-windows-ix86+x86_64 1.2.3 68.00 91.00 159.00 OK
r-oldrel-macos-x86_64 1.2.3 OK
r-oldrel-windows-ix86+x86_64 1.2.3 64.00 94.00 158.00 OK

Check Details

Version: 1.2.3
Check: whether package can be installed
Result: ERROR
    Installation failed.
Flavor: r-devel-windows-x86_64-gcc10-UCRT