CRAN Package Check Results for Package TriMatch

Last updated on 2022-01-24 06:49:08 CET.

Flavor Version Tinstall Tcheck Ttotal Status Flags
r-devel-linux-x86_64-debian-clang 0.9.9 11.78 117.34 129.12 OK
r-devel-linux-x86_64-debian-gcc 0.9.9 11.68 87.27 98.95 OK
r-devel-linux-x86_64-fedora-clang 0.9.9 159.82 OK
r-devel-linux-x86_64-fedora-gcc 0.9.9 144.33 OK
r-devel-windows-x86_64-new-UL 0.9.9 49.00 135.00 184.00 OK
r-devel-windows-x86_64-new-TK 0.9.9 ERROR
r-patched-linux-x86_64 0.9.9 22.29 109.99 132.28 OK
r-release-linux-x86_64 0.9.9 11.48 109.53 121.01 OK
r-release-macos-arm64 0.9.9 OK
r-release-macos-x86_64 0.9.9 OK
r-release-windows-ix86+x86_64 0.9.9 32.00 127.00 159.00 OK
r-oldrel-macos-x86_64 0.9.9 OK
r-oldrel-windows-ix86+x86_64 0.9.9 34.00 351.00 385.00 OK

Check Details

Version: 0.9.9
Check: package dependencies
Result: ERROR
    Package required but not available: 'ez'
    
    See section 'The DESCRIPTION file' in the 'Writing R Extensions'
    manual.
Flavor: r-devel-windows-x86_64-new-TK