CRAN Package Check Results for Package UCSCXenaTools

Last updated on 2023-09-28 10:57:00 CEST.

Flavor Version Tinstall Tcheck Ttotal Status Flags
r-devel-linux-x86_64-debian-clang 1.4.8 8.23 71.41 79.64 OK
r-devel-linux-x86_64-debian-gcc 1.4.8 7.09 52.69 59.78 OK
r-devel-linux-x86_64-fedora-clang 1.4.8 97.68 NOTE
r-devel-linux-x86_64-fedora-gcc 1.4.8 112.11 NOTE
r-devel-windows-x86_64 1.4.8 8.00 83.00 91.00 OK
r-patched-linux-x86_64 1.4.8 6.57 65.73 72.30 OK
r-release-linux-x86_64 1.4.8 5.11 67.08 72.19 OK
r-release-macos-arm64 1.4.8 68.00 OK
r-release-macos-x86_64 1.4.8 90.00 OK
r-release-windows-x86_64 1.4.8 13.00 93.00 106.00 OK
r-oldrel-macos-arm64 1.4.8 51.00 NOTE
r-oldrel-macos-x86_64 1.4.8 71.00 NOTE
r-oldrel-windows-x86_64 1.4.8 13.00 93.00 106.00 OK

Check Details

Version: 1.4.8
Check: data for non-ASCII characters
Result: NOTE
     Note: found 2 marked UTF-8 strings
Flavors: r-devel-linux-x86_64-fedora-clang, r-devel-linux-x86_64-fedora-gcc, r-oldrel-macos-arm64, r-oldrel-macos-x86_64