CRAN Package Check Results for Package UPG

Last updated on 2021-09-22 16:50:20 CEST.

Flavor Version Tinstall Tcheck Ttotal Status Flags
r-devel-linux-x86_64-debian-clang 0.2.2 108.75 70.56 179.31 OK
r-devel-linux-x86_64-debian-gcc 0.2.2 73.55 53.43 126.98 OK
r-devel-linux-x86_64-fedora-clang 0.2.2 248.04 NOTE
r-devel-linux-x86_64-fedora-gcc 0.2.2 218.70 NOTE
r-devel-windows-x86_64 0.2.2 91.00 81.00 172.00 OK
r-devel-windows-x86_64-gcc10-UCRT 0.2.2 ERROR
r-patched-linux-x86_64 0.2.2 87.68 66.12 153.80 OK
r-patched-solaris-x86 0.2.2 223.40 NOTE
r-release-linux-x86_64 0.2.2 85.50 66.69 152.19 OK
r-release-macos-arm64 0.2.2 NOTE
r-release-macos-x86_64 0.2.2 NOTE
r-release-windows-ix86+x86_64 0.2.2 232.00 133.00 365.00 OK
r-oldrel-macos-x86_64 0.2.2 NOTE
r-oldrel-windows-ix86+x86_64 0.2.2 178.00 111.00 289.00 OK

Check Details

Version: 0.2.2
Check: installed package size
Result: NOTE
     installed size is 6.0Mb
     sub-directories of 1Mb or more:
     libs 5.3Mb
Flavors: r-devel-linux-x86_64-fedora-clang, r-release-macos-arm64, r-release-macos-x86_64, r-oldrel-macos-x86_64

Version: 0.2.2
Check: dependencies in R code
Result: NOTE
    Namespace in Imports field not imported from: ‘RcppProgress’
     All declared Imports should be used.
Flavors: r-devel-linux-x86_64-fedora-clang, r-devel-linux-x86_64-fedora-gcc, r-patched-solaris-x86, r-release-macos-arm64, r-release-macos-x86_64, r-oldrel-macos-x86_64

Version: 0.2.2
Check: whether package can be installed
Result: ERROR
    Installation failed.
Flavor: r-devel-windows-x86_64-gcc10-UCRT