CRAN Package Check Results for Package UScancer

Last updated on 2021-12-02 09:55:25 CET.

Flavor Version Tinstall Tcheck Ttotal Status Flags
r-devel-linux-x86_64-debian-clang 0.1-2 3.93 36.69 40.62 NOTE
r-devel-linux-x86_64-debian-gcc 0.1-2 2.86 28.85 31.71 NOTE
r-devel-linux-x86_64-fedora-clang 0.1-2 63.77 NOTE
r-devel-linux-x86_64-fedora-gcc 0.1-2 51.29 NOTE
r-devel-windows-x86_64-new-UL 0.1-2 8.00 73.00 81.00 NOTE
r-devel-windows-x86_64-new-TK 0.1-2 NOTE
r-devel-windows-x86_64-old 0.1-2 6.00 45.00 51.00 NOTE
r-patched-linux-x86_64 0.1-2 4.03 34.73 38.76 NOTE
r-patched-solaris-x86 0.1-2 81.80 NOTE
r-release-linux-x86_64 0.1-2 3.50 34.98 38.48 NOTE
r-release-macos-arm64 0.1-2 NOTE
r-release-macos-x86_64 0.1-2 NOTE
r-release-windows-ix86+x86_64 0.1-2 8.00 55.00 63.00 NOTE
r-oldrel-macos-x86_64 0.1-2 NOTE
r-oldrel-windows-ix86+x86_64 0.1-2 10.00 58.00 68.00 NOTE

Check Details

Version: 0.1-2
Check: R code for possible problems
Result: NOTE
    readSEER: no visible global function definition for 'read.fwf'
    Undefined global functions or variables:
     read.fwf
    Consider adding
     importFrom("utils", "read.fwf")
    to your NAMESPACE file.
Flavors: r-devel-linux-x86_64-debian-clang, r-devel-linux-x86_64-debian-gcc, r-devel-linux-x86_64-fedora-clang, r-devel-linux-x86_64-fedora-gcc, r-devel-windows-x86_64-new-UL, r-devel-windows-x86_64-new-TK, r-devel-windows-x86_64-old, r-patched-linux-x86_64, r-patched-solaris-x86, r-release-linux-x86_64, r-release-macos-arm64, r-release-macos-x86_64, r-release-windows-ix86+x86_64, r-oldrel-macos-x86_64, r-oldrel-windows-ix86+x86_64

Version: 0.1-2
Check: Rd cross-references
Result: NOTE
    Undeclared package ‘sp’ in Rd xrefs
Flavor: r-devel-linux-x86_64-fedora-clang