CRAN Package Check Results for Package UsingR

Last updated on 2021-09-22 16:50:20 CEST.

Flavor Version Tinstall Tcheck Ttotal Status Flags
r-devel-linux-x86_64-debian-clang 2.0-6 16.08 114.07 130.15 OK
r-devel-linux-x86_64-debian-gcc 2.0-6 12.03 85.65 97.68 OK
r-devel-linux-x86_64-fedora-clang 2.0-6 162.69 OK
r-devel-linux-x86_64-fedora-gcc 2.0-6 147.28 OK
r-devel-windows-x86_64 2.0-6 18.00 135.00 153.00 OK
r-devel-windows-x86_64-gcc10-UCRT 2.0-6 ERROR
r-patched-linux-x86_64 2.0-6 14.67 104.77 119.44 OK
r-patched-solaris-x86 2.0-6 207.70 OK
r-release-linux-x86_64 2.0-6 13.46 105.91 119.37 OK
r-release-macos-arm64 2.0-6 OK
r-release-macos-x86_64 2.0-6 OK
r-release-windows-ix86+x86_64 2.0-6 35.00 169.00 204.00 OK
r-oldrel-macos-x86_64 2.0-6 OK
r-oldrel-windows-ix86+x86_64 2.0-6 26.00 123.00 149.00 OK

Check Details

Version: 2.0-6
Check: package dependencies
Result: ERROR
    Package required but not available: 'Hmisc'
    
    See section 'The DESCRIPTION file' in the 'Writing R Extensions'
    manual.
Flavor: r-devel-windows-x86_64-gcc10-UCRT