Last updated on 2023-01-31 17:54:22 CET.
Flavor | Version | Tinstall | Tcheck | Ttotal | Status | Flags |
---|---|---|---|---|---|---|
r-devel-linux-x86_64-debian-clang | 1.1.0 | 45.90 | 394.51 | 440.41 | OK | |
r-devel-linux-x86_64-debian-gcc | 1.1.0 | 36.04 | 289.70 | 325.74 | OK | |
r-devel-linux-x86_64-fedora-clang | 1.1.0 | 558.92 | NOTE | |||
r-devel-linux-x86_64-fedora-gcc | 1.1.0 | 556.11 | OK | |||
r-devel-windows-x86_64 | 1.1.0 | 390.00 | 403.00 | 793.00 | NOTE | |
r-patched-linux-x86_64 | 1.1.0 | 41.00 | 379.37 | 420.37 | OK | |
r-release-linux-x86_64 | 1.1.0 | 45.39 | 383.84 | 429.23 | OK | |
r-release-macos-arm64 | 1.1.0 | 133.00 | NOTE | |||
r-release-macos-x86_64 | 1.1.0 | 228.00 | NOTE | |||
r-release-windows-x86_64 | 1.1.0 | 323.00 | 427.00 | 750.00 | NOTE | |
r-oldrel-macos-arm64 | 1.1.0 | 199.00 | NOTE | |||
r-oldrel-macos-x86_64 | 1.1.0 | 272.00 | NOTE | |||
r-oldrel-windows-ix86+x86_64 | 1.1.0 | 91.00 | 390.00 | 481.00 | NOTE |
Version: 1.1.0
Check: installed package size
Result: NOTE
installed size is 9.5Mb
sub-directories of 1Mb or more:
extdata 8.7Mb
Flavors: r-devel-linux-x86_64-fedora-clang, r-devel-windows-x86_64, r-release-macos-arm64, r-release-macos-x86_64, r-release-windows-x86_64, r-oldrel-macos-arm64, r-oldrel-macos-x86_64, r-oldrel-windows-ix86+x86_64