CRAN Package Check Results for Package VARDetect

Last updated on 2021-09-22 13:53:10 CEST.

Flavor Version Tinstall Tcheck Ttotal Status Flags
r-devel-linux-x86_64-debian-clang 0.1.5 53.42 87.50 140.92 OK
r-devel-linux-x86_64-debian-gcc 0.1.5 38.46 63.22 101.68 OK
r-devel-linux-x86_64-fedora-clang 0.1.5 106.64 OK
r-devel-linux-x86_64-fedora-gcc 0.1.5 167.93 OK
r-devel-windows-x86_64 0.1.4 48.00 85.00 133.00 OK
r-devel-windows-x86_64-gcc10-UCRT 0.1.5 ERROR
r-patched-linux-x86_64 0.1.5 46.62 80.25 126.87 OK
r-patched-solaris-x86 0.1.5 181.20 OK
r-release-linux-x86_64 0.1.4 43.96 79.16 123.12 OK
r-release-macos-arm64 0.1.4 NOTE
r-release-macos-x86_64 0.1.5 OK
r-release-windows-ix86+x86_64 0.1.5 104.00 148.00 252.00 OK
r-oldrel-macos-x86_64 0.1.5 OK
r-oldrel-windows-ix86+x86_64 0.1.5 101.00 136.00 237.00 OK

Check Details

Version: 0.1.5
Check: package dependencies
Result: ERROR
    Package required but not available: 'igraph'
    
    See section 'The DESCRIPTION file' in the 'Writing R Extensions'
    manual.
Flavor: r-devel-windows-x86_64-gcc10-UCRT

Version: 0.1.4
Check: installed package size
Result: NOTE
     installed size is 5.7Mb
     sub-directories of 1Mb or more:
     libs 5.2Mb
Flavor: r-release-macos-arm64