CRAN Package Check Results for Package VARshrink

Last updated on 2021-12-09 00:51:56 CET.

Flavor Version Tinstall Tcheck Ttotal Status Flags
r-devel-linux-x86_64-debian-clang 0.3.1 6.53 309.91 316.44 NOTE
r-devel-linux-x86_64-debian-gcc 0.3.1 5.11 218.43 223.54 NOTE
r-devel-linux-x86_64-fedora-clang 0.3.1 354.94 NOTE
r-devel-linux-x86_64-fedora-gcc 0.3.1 374.84 NOTE
r-devel-windows-x86_64-new-UL 0.3.1 15.00 333.00 348.00 NOTE
r-devel-windows-x86_64-new-TK 0.3.1 NOTE
r-devel-windows-x86_64-old 0.3.1 11.00 363.00 374.00 NOTE
r-patched-linux-x86_64 0.3.1 6.06 295.15 301.21 NOTE
r-release-linux-x86_64 0.3.1 6.11 295.12 301.23 NOTE
r-release-macos-arm64 0.3.1 NOTE
r-release-macos-x86_64 0.3.1 NOTE
r-release-windows-ix86+x86_64 0.3.1 7.00 348.00 355.00 NOTE
r-oldrel-macos-x86_64 0.3.1 OK
r-oldrel-windows-ix86+x86_64 0.3.1 13.00 343.00 356.00 OK

Check Details

Version: 0.3.1
Check: LazyData
Result: NOTE
     'LazyData' is specified without a 'data' directory
Flavors: r-devel-linux-x86_64-debian-clang, r-devel-linux-x86_64-debian-gcc, r-devel-linux-x86_64-fedora-clang, r-devel-linux-x86_64-fedora-gcc, r-devel-windows-x86_64-new-UL, r-devel-windows-x86_64-new-TK, r-devel-windows-x86_64-old, r-patched-linux-x86_64, r-release-linux-x86_64, r-release-macos-arm64, r-release-macos-x86_64, r-release-windows-ix86+x86_64